153. What are the prime factors of p(f)?
2, 19
Let p be (4/(16/(-3996)))/(-1). Suppose 3*o - p = 234. What are the prime factors of o?
3, 137
Let k(y) = 10*y**2 - 50*y + 1647. List the prime factors of k(42).
3, 17, 337
Suppose 493 = -3*w + 4366. Suppose b + 4*l = -0*b + 623, -2*b + w = -l. Let c = b - 341. List the prime factors of c.
2, 151
Let u(k) = 6 + 16 + 10*k - 37. Let n be u(6). List the prime factors of 32/8 + -2 + n.
47
Let q(u) = u**3 - 10*u**2 - 2*u - 15. Let h(k) = -k**2 - 12*k + 11. Suppose -50 = 4*i - 2. Let w be h(i). List the prime factors of q(w).
2, 3, 7
Suppose 0 = 5*o - 13*o. Let m(a) be the second derivative of -a**4/12 - a**3/3 + 75*a**2 - 15*a. List the prime factors of m(o).
2, 3, 5
Let p = 10173 - 176. What are the prime factors of p?
13, 769
Let c(r) = r - 22. Let v be c(22). Suppose -11*t - 165 - 55 = v. What are the prime factors of -5*((-48)/t + -4)?
2
Let v(t) = 17*t**2 - 14*t + 2. Let q be v(10). Suppose 7*p - 5*p + q = 0. Let f = -528 - p. What are the prime factors of f?
11, 23
Let z = -342 + 342. List the prime factors of (-2)/10 - z - 32052/(-60).
2, 3, 89
Suppose -110*i = -114*i + 16. Suppose i*b + 9*a = 13*a + 1892, -3*b + 2*a + 1422 = 0. What are the prime factors of b?
2, 7, 17
Let o(u) = -2*u + 20. Let k be o(9). Let q be 1/k*(-3 + -139). Let f = q - -126. What are the prime factors of f?
5, 11
Suppose 0 = 10*j - 13*j, 0 = 3*a - 3*j - 7272. What are the prime factors of a?
2, 3, 101
Let z(c) = -c**3 + c**2 - 2. Let q(i) = -5*i**3 - 7*i**2 - 12*i + 20. Let p(g) = -q(g) + 6*z(g). What are the prime factors of p(11)?
2, 3, 19
Let o(w) = 1. Let q(c) = -2*c**2 - 14*c + 2. Let f(b) = -6*o(b) - q(b). Suppose 437 + 652 = -99*p. List the prime factors of f(p).
2, 5
Suppose 14*k + 13 = -29. Let a be (44/(-20) - k)/(10/75). Let s(w) = 4*w**2 + 4*w + 1. List the prime factors of s(a).
13
Let o = 1005 + -1001. Suppose 0 = -4*d - 3*k + 5757, o*d - 2880 = 2*d - 2*k. What are the prime factors of d?
3, 479
List the prime factors of ((-1)/(-3))/(23/216798).
2, 1571
Suppose 5*t = 5*j + 136430, 2085 = t - 3*j - 25207. What are the prime factors of t?
27283
Let l(o) = -15*o**3 - 4*o - 3. Suppose 10*i - 14*i = 8. What are the prime factors of l(i)?
5
Let z(p) = p**2 - 13*p - 13. Let q be z(14). Let f be ((-3)/(-9))/(q/(-12)). What are the prime factors of (f/(-2))/((-235)/245 + 1)?
7
Suppose -3 - 7 = -5*d. Suppose 0 = -n + d*n + 9. What are the prime factors of 1710/n*2/(-4)?
5, 19
Suppose -4*y = -54*q + 57*q - 79811, y + 4*q - 19969 = 0. List the prime factors of y.
19949
Let q(m) = -5*m + 27. Let w be q(5). Suppose c + 180 = -3*c + 3*t, 0 = -3*c + w*t - 135. List the prime factors of 10/c + 902/9.
2, 5
Suppose 2*r = -5*t + 381, 3*r = -7*t + 2*t + 569. Let d = 666 + r. List the prime factors of d.
2, 7, 61
Let j(k) = 278*k + 115. Let b be j(10). Suppose -55*i - b = -58*i. What are the prime factors of i?
5, 193
Let g = -57993 - -118889. List the prime factors of g.
2, 11, 173
Let f(i) = 69*i**3 + 3*i**2 - 5*i + 7. Let s be f(2). Let y = s - -132. List the prime factors of y.
3, 7, 11
Let b = 683 + -1178. Let f = b + 1409. What are the prime factors of f/34 - (-50)/425?
3
Suppose 5*m + 4*l = -2995, 1992 + 404 = -4*m - 3*l. Let d = -412 - m. Suppose n - 66 = d. What are the prime factors of n?
11, 23
Suppose 5*x - 9*x + 2*b = 192, 5*x = -5*b - 225. List the prime factors of (1*x)/(69/(-207)).
3, 47
Let r = 14355 + -411. What are the prime factors of r?
2, 3, 7, 83
Suppose -4*y = 5*p - 27, -3*p + 3 = 2*y - 4*y. Let o(j) = -25 - 15*j**2 - 22*j**3 - 21*j**3 + 12*j + 44*j**y. What are the prime factors of o(15)?
5, 31
Suppose -26 = -2*n - 11*n. Suppose n*w = -106 + 460. List the prime factors of w.
3, 59
List the prime factors of ((-3)/(-6))/(627834/(-52320) + 12).
2, 5, 109
Let k(s) = 35*s + 1879. What are the prime factors of k(-26)?
3, 17, 19
Let b be (130/(-195))/((-1)/(-18)). List the prime factors of b/(-6) + 1018 + -15.
3, 5, 67
Suppose 0 = -3*s + 7*s - 3*c + 204, c + 255 = -5*s. What are the prime factors of (((-618)/4)/3)/(s/1224)?
2, 3, 103
Suppose -7*t = 75 - 5577. Suppose 3*n = t + 147. What are the prime factors of n?
311
Suppose 65 = -4*j + 29. Let o be (-138)/j*105/10. List the prime factors of 3*12/9 + o.
3, 5, 11
Let v be -7 - 32/(-8) - 21*-1. Suppose -19*s = -153 - v. Suppose 3*y = s*y - 534. List the prime factors of y.
89
Suppose -12304 = -5*g - 3*v + 5591, -g + 3591 = 3*v. What are the prime factors of g?
2, 3, 149
Suppose 3*v - 4 - 5 = 0. Let b = 2815 - 2813. Suppose -v*o - 382 = -b*i, 562 = 3*i + 3*o - 2*o. What are the prime factors of i?
2, 47
Let g(l) = 25420*l + 160. What are the prime factors of g(1)?
2, 5, 1279
Let s = 121156 - 82279. What are the prime factors of s?
3, 12959
Suppose 2*z - w - 2*w - 401 = 0, 3*w - 775 = -4*z. Let n = z - -256. List the prime factors of n.
2, 113
Suppose 0 = 3*d - 2*z + 6972, -15*z + 11*z = -d - 2334. What are the prime factors of d/4*(-7)/(63/6)?
3, 43
Let k = 78023 + -55009. List the prime factors of k.
2, 37, 311
Suppose 0 = 3*d - 0*d. Suppose 5*h + 50 = -d*h. List the prime factors of h - -92 - 2/(-2).
83
Suppose -34*p + 4*h = -31*p - 170860, 4*p + 3*h = 227855. List the prime factors of p.
2, 5, 89
Suppose 66*v + 2634 = 88896. List the prime factors of v.
1307
Let h(p) = -5*p - 7. Let o(v) = 14*v + 24. Let k(c) = -7*h(c) - 2*o(c). Suppose 3*m + 1 = f - 13, 20 = 2*f - 4*m. What are the prime factors of k(f)?
3, 5
Let u(q) = 8*q - 32. Let l(a) = -7*a - 128. Let g be l(-25). List the prime factors of u(g).
2, 43
Let r(u) = u**3 + 24*u**2 - 54*u - 48. Let o be r(-26). Suppose 3*j - 2*j - o*v = 341, j - 3*v - 344 = 0. List the prime factors of j.
353
Let s(w) = 2*w - 52. Let u be s(23). Let t(l) = 36*l**2 - 8*l - 51. List the prime factors of t(u).
3, 431
Let u(h) = 29*h**2 + 38*h + 250. Let y = -688 + 682. List the prime factors of u(y).
2, 13, 41
Let d(k) = k**2 - 11*k - 19. Let t be d(13). Suppose t*s + 427 = -0*s. Let b = s - -88. List the prime factors of b.
3
Suppose 112 - 87 = 5*h. Suppose -5*a - a = -h*a. List the prime factors of 94 + (a/2 - 4).
2, 3, 5
List the prime factors of ((-18560)/960)/((-4)/4194).
3, 29, 233
Let b(d) = -313*d + 32615. List the prime factors of b(0).
5, 11, 593
Suppose 14*q - 17 = -45. Let u(z) = -180*z + 81. List the prime factors of u(q).
3, 7
Let z be 2*3/(-12) + (-1021)/(-2). Suppose d + 14*d - z = 0. List the prime factors of d.
2, 17
Suppose 42795 = 25*l + 20*l. What are the prime factors of l?
3, 317
Suppose 2 = -o - 2, -o = 4*w + 120. Let a = w + 38. Suppose a*c - 765 = -0*c. List the prime factors of c.
5, 17
Suppose -2 = 2*w, -5*w = q - 3*w + 2. Suppose -t + 118 = 3*t - 3*d, 60 = 2*t - 2*d. Suppose q = -t*y + 25*y + 147. What are the prime factors of y?
7
Let f be 4/6 - 795/(-9). Let w = f - 147. Let k = 11 - w. List the prime factors of k.
3, 23
Let c(m) = 31*m**2 - 35*m + 39. List the prime factors of c(13).
7, 13, 53
Let y(i) = -i**3 - 20*i**2 - 14*i + 443. What are the prime factors of y(-27)?
2, 1481
Let j(v) = v + 3*v**2 + 2 + 11*v**2 + 6*v**2. Suppose -h = 58 - 60. What are the prime factors of j(h)?
2, 3, 7
Let x be 3/(-12) - (-105)/20. Suppose -x*i = -161 + 631. List the prime factors of (-9)/(-3)*i/(-6).
47
Suppose 49*b - 50*b = 61*b - 2940784. What are the prime factors of b?
2, 7, 11
Let s be -5 + 1 + 410*6/15. Suppose -3*m + 0*m - 284 = c, -c = m + 94. Let a = s + m. List the prime factors of a.
5, 13
List the prime factors of -10 + (-1)/(99/(-1709082)) + 18/33.
2, 8627
Suppose v + 8 = -0*x - x, -5*x = 3*v + 34. Let o be (x - 0)*(0 - -1). Let m(r) = -r**3 - 6*r**2 - 5*r + 10. List the prime factors of m(o).
2, 5
What are the prime factors of 8 + -2 + (-3731)/(-13)?
293
Let y(o) = -28*o + 20*o - 10 + 18*o. Suppose -5*x = -h - 17, -h + 2*x = -2 + 4. List the prime factors of y(h).
2, 5, 7
Suppose -287*x - 1031040 = -377*x. List the prime factors of x.
2, 179
Suppose -i + 101675 = 2*i - 5*z, 5*i + 3*z = 169413. What are the prime factors of 2/4 - (i/6)/(-9)?
2, 157
What are the prime factors of (23200524/4464)/(-1 + (-5)/(-4))?
20789
Suppose -1652 = -4*x - 388. What are the prime factors of x?
2, 79
Suppose -2*z = 4*o - 5088, -30*o + 4*z + 1254 = -29*o. What are the prime factors of o?
2, 5, 127
What are the 